w) = 8*w - 154. Let u(t) = -3*b(t) + 2*j(t). What is u(h)?
-2
Let t(h) = h**2. Let g(y) = -4*y - 31. Let z(a) = 13*a + 95. Let k(o) = 14*g(o) + 4*z(o). Let u(q) = -q - 3. Let p be u(11). Let d be k(p). What is t(d)?
4
Let j(v) = -v + 1. Let w(l) = -13*l - 206. Let h be w(10). Let m = h + 334. Calculate j(m).
3
Let c = 10 - 8. Let a(t) = -6 - 2*t**2 - c*t**2 + 2 + 3*t**2. Let l be (4/(-8)*0)/(-2)*-1. What is a(l)?
-4
Let u(j) = -j**3 + 3*j + 4. Let p(b) = b**2 + 71*b + 4. Let r be p(0). Give u(r).
-48
Suppose 6 = 3*m - 4*x, -2*m - m + 6 = x. Let y(s) = -2 + 3 - m + s + 0. Let t = 7626 + -7633. Calculate y(t).
-8
Let q(v) = -2*v**2 - 53*v - 2. Let u be q(-37). Let w = 781 + u. Let y(t) = 7*t + 1. What is y(w)?
15
Let p(d) = 7*d**2 + 8*d - 85 + 159 - 73 + d**3. Let o = -12 + 30. Suppose -2*r - r - o = 0. What is p(r)?
-11
Suppose -l - 6 = -2*l. Let c(i) = 0*i**3 + 2 + 5*i**3 - 3*i**2 - 3*i - l*i**3 - 1. Let z(o) = -9*o**2 - 24*o + 6. Let n be z(-3). Give c(n).
10
Let q = 16 + -31. Let y(s) = 4 + 4 - s - 4 - 14 + 1. Give y(q).
6
Let i(b) = -29*b**3 + 1481*b**2 - 104*b + 95. Let m be i(51). Let w(j) = -4*j + 23. Determine w(m).
51
Let j(k) be the first derivative of -2*k**2 - 46*k - 1560. Determine j(-9).
-10
Let r(w) = 3*w + 4. Let h(n) = 0*n + 2*n**2 + 5 - 4 + n - n**2. Let l(b) = 4*h(b) - r(b). Suppose 277*q - 2 = 279*q. What is l(q)?
3
Let g(d) = -d**2 - 6*d - 7. Let i be g(-3). Let f be 7 + -10 + (52/i)/2. Let n(q) = 2*q + 0 + 1 - 9*q + q**2 + f*q. Determine n(-2).
-1
Let m(u) = -11*u**2 - 26*u - 8. Let r(n) be the third derivative of n**5/15 + 3*n**4/8 + n**3/2 - n**2 - 19. Let w(a) = -3*m(a) - 8*r(a). What is w(-6)?
0
Let c(q) = q - 2*q + 3 + 1 - 10. Let w be c(-13). Let p(m) = 5*m + 3 + 5 - w. Give p(1).
6
Let l(h) = 2 - 4*h + 5*h**2 + 4 + 7*h**2 + 3*h - 13*h**2. Calculate l(3).
-6
Let o(m) = m**2 - 4*m + 7. Suppose -2*g - i = -0*g - 14, 5*g = -4*i + 38. Let v be 2*-1 - (g - (-13 - -21)). What is o(v)?
7
Let a(d) = 31*d**2 + 1 - 52*d**2 + 1 + 12*d**2 + 14*d**2 + 5*d. Determine a(4).
102
Let s be (-213)/(-5) + (3 - (-26)/(-10)). Let m(o) = o**2 + 0*o**2 - 40*o**3 - s*o + 42*o. Calculate m(1).
-40
Let v(a) = -a**3 + 27*a**2 - 26*a - 2. Suppose -4*t - 3*d = -104, -4*d - 130 = -5*t - 5*d. Let r be v(t). Let h(m) = -m**3 + 2*m**2 - 2*m - 3. Determine h(r).
17
Let v(y) be the third derivative of -11*y**4/12 + 59*y**3/3 + 25*y**2 - 2*y + 71. Give v(5).
8
Let t(a) = -a**2 - 2*a - 3. Suppose -2*c + 93 = c - 4*b, -5*b - 20 = -c. Suppose 2*p + c = 7*p. Suppose -2*o = l + p, -o + 2*o + 11 = -3*l. Calculate t(l).
-6
Let f(s) = -s - 3. Let u(k) = -8*k - 201. Let z(g) = 3*f(g) + u(g). What is z(-19)?
-1
Let v(l) be the first derivative of -3*l**2/2 - l - 2. Suppose -5*w + 11*w = 90. Suppose -a - w = -16. Determine v(a).
-4
Let j(v) = v**3 + 8*v**2 - 2*v - 2. Let i(z) = z**3 + 10*z**2 + 22*z + 50. Let m be i(-8). Suppose 4*p + m*b = -2*b - 44, 4*b + 12 = 0. What is j(p)?
14
Let f(q) = -9*q**3 - 13*q**2 - 16*q + 8. Let i(o) = -2*o**3 - o - 1. Let u(y) = f(y) - 4*i(y). Calculate u(-12).
12
Suppose -14*g = -27 + 21 - 36. Let u(o) = 17*o**2 - 57*o + 11. What is u(g)?
-7
Let m be 4 + 11/(55/(-10)). Let g(a) be the second derivative of -a**4/3 + a**3/6 + a**2/2 - 793*a. What is g(m)?
-13
Suppose -5*r = -0 - 15. Suppose r*v = 1 - 13. Let b(g) = 22*g**3 - 17 + 9 + 6*g + 11 - 12*g**3 - 3*g**2 - 11*g**3. Give b(v).
-5
Let c(m) = m**3 - 21*m**2 - 100*m + 3. Let y be c(25). Let x(u) = -4 - y - 1 - u + 12. Give x(0).
4
Let o(d) = -4*d + 13. Let a(g) = 3*g - 1 + 7*g - 9*g. Let k(f) = 6*a(f) + o(f). Calculate k(-9).
-11
Let a(w) = w**3 + 6*w**2 + 2*w. Let m(t) = -9*t - 3. Suppose 13*q - 16 = 2*r + 9*q, -5*q = 5*r - 20. Let l be m(r). Determine a(l).
21
Let n(s) = -22 - s - 17 + 36. Calculate n(-7).
4
Let r be -111 + 1 + (-14 - -9). Let c = r - -111. Let g(m) = m**2 - 3. Give g(c).
13
Let x(b) be the third derivative of b**6/120 - 8*b**5/15 - 65*b**4/24 - 25*b**3/3 + b**2 + 4660. What is x(34)?
52
Let x(s) = -s**3 - 7*s**2 - 4*s - 7. Suppose -r - 16 = -9*r. Let g(u) = -42*u + 77. Let h be g(r). Give x(h).
21
Let o be 2/6*(3 - 9). Let q(g) = 2. Let k(f) = 7*f + 3. Let z(y) = -20*y - 8. Let i(r) = 17*k(r) + 6*z(r). Let d(p) = -2*i(p) + 3*q(p). Give d(o).
-4
Let c(i) = 12*i**2 - 13*i + 7. Let r be c(0). Let h(a) = -2 - 10*a**2 + 4*a**2 - 6*a + a**3 - 3*a. Determine h(r).
-16
Let t(g) = -g**3 - 10*g**2 - 9*g - 4. Suppose 5*j - 2*q - 1 = 4*j, j - 5*q - 13 = 0. Let c(x) = 3*x + 12. Let h be c(j). Determine t(h).
-4
Let a be 8/6*(-330)/(-88). Let x(s) = -s**3 + 7*s**2 - 6*s - 1. Calculate x(a).
19
Suppose 2*y = -2*v + 6*v - 6, -9 = y - 4*v. Let h(w) = -9824 + 7*w + 2459 + 2451 + 2459 + 2453. Determine h(y).
19
Let r(a) be the first derivative of a**4/4 + 5*a**3/3 - 7*a**2/2 - 2*a + 9075. What is r(-6)?
4
Suppose 0 = 4*t - 5*u - 216, -5*u - 3 = -t + 66. Let d = t + -47. Let v(k) = 5*k + 125*k**3 - 3*k - 124*k**3 + 2 - 1 + 6*k**d. Give v(-5).
16
Let l(w) = 659*w + 1984. Let c be l(-3). Let t(a) = a**2 + 2*a - 24. Determine t(c).
39
Let a(i) = -i**2 - 2*i + 3. Let p(m) = m**3 - m**2 + 2*m - 1. Let f(b) = -4*b**3 - b**2 - 5*b + 12. Let s(t) = f(t) + 5*p(t). Let y be s(3). Give a(y).
-12
Let t(w) = -3*w**2 + 38*w - 14. Suppose -d = 901*z - 896*z + 3, -3*z - 57 = -4*d. Calculate t(d).
10
Let p(n) = 18798*n + 18797*n + 0*n**3 - 37579*n - 9 + n**3 + 8*n**2. Determine p(-5).
-14
Let m(c) = 27*c - 5*c - c**2 - 18 - 37 + 47 - 31. Calculate m(20).
1
Suppose -r = b - 2, -4*b = -9*b - 4*r + 8. Suppose b = 5*q + 4*w - 7, -3*q = -8*q + 2*w + 19. Let n(s) = s**3 - 4*s**2 + 5*s - 3. Calculate n(q).
3
Let z(b) = -90 + 237 + 22*b + 4 + b**2 - 63. Calculate z(-16).
-8
Let d(y) = 5*y**3 - 9*y**2 - 17*y + 5. Let i(f) = 11*f**3 - 18*f**2 - 36*f + 10. Let u(s) = 9*d(s) - 4*i(s). Give u(10).
15
Let c(y) = 8*y**3 - 10 - 7*y**3 + 15*y**2 - 7*y + 0*y - 10*y. What is c(-16)?
6
Let h(r) = -r**2 + r + 50. Let v(u) = 12*u**2 + 3*u - 1. Let a be v(-1). Determine h(a).
-6
Let b(m) = m + 9. Suppose 2*a - 5*g - 42 = a, 5*g = -5*a + 90. Suppose -f - 27 = -a. Give b(f).
4
Let i(m) = -3*m**2 - 8*m - 2. Let r(k) = -k. Let n(a) = -i(a) + 6*r(a). Suppose 2*p - 18*o = -14*o - 12, 3*p + 2 = -2*o. Give n(p).
10
Let v(a) = a**2 - 12*a + 27. Let b be 2/(18/(-63)) + 55/5. Calculate v(b).
-5
Let t be (-104)/12*(-60)/(-40). Let c(k) = 2*k**2 + 27*k + 15. Calculate c(t).
2
Suppose -24 = -42*u + 36*u. Let c(n) = 218 - 107 + u*n - 113. Determine c(1).
2
Let a be 6*(-12 - -6)/12. Let k(i) = i**3 + 5*i**2 - 7. Give k(a).
11
Suppose -5*s - 2*j - 28 - 34 = 0, -11 = s - j. Let i(g) = g**3 + 11*g**2 - 14*g - 4. Calculate i(s).
20
Let b(q) = 68*q - 400. Let u(t) = 102*t - 595. Let x(i) = -7*b(i) + 5*u(i). Determine x(5).
-5
Let j(l) be the first derivative of -l**4/4 - 17*l**3/3 + 21*l**2/2 + 13*l + 1109. Determine j(-18).
-41
Let l(y) = -y**2 - 2*y + 4. Let s be 5/20 + (-2262)/24. Let n = 99 + s. Calculate l(n).
-31
Let o(j) = -8*j - 67 - 68 - 59 + 244. Let m = -15 - -21. Determine o(m).
2
Let x(m) be the second derivative of -m**5/20 + 5*m**4/12 - m**3/3 - m**2/2 - 10896*m. Suppose -5*t = -10 - 10. Calculate x(t).
7
Let m(k) = -522*k + 4173. Let l be m(8). Let r(f) = -f**3 + 3*f**2 + 6*f - 6. Give r(l).
30
Let x = -49 - -49. Suppose 2*m - 16 + 24 = x. Let h(y) = y**3 + 2*y**2 - 4*y. Give h(m).
-16
Let h = 42 + -35. Let v(d) = -h - 3 + d + 12 - 12. Suppose 15*u = 20*u - 25. Give v(u).
-5
Let t(f) = f**2 - 20*f + 27. Let i be t(13). Let b = i - -68. Let k be (-12)/(-54) + b/(-18). Let w(n) = -n**2 + 1. What is w(k)?
1
Let s(j) be the second derivative of -j**6/144 - j**5/40 + 2*j**4/3 + 3*j**2 + 95*j. Let m(r) be the third derivative of s(r). Calculate m(-3).
12
Let s(t) be the second derivative of t**4/12 + 7*t**3/3 + 7*t**2/2 - t. Let f be (3/(-12))/((-76)/(-3952)). Give s(f).
-6
Let j(k) = -k**2 + 5*k + 2. Let t = -536 + 534. Let g = -5 - 2. Let r = t - g. Give j(r).
2
Suppose -5*z - 83 = a, z = 5*z + 2*a + 70. Let y = z - -12. Let p(u) be the second derivative of -u**4/12 - u**3/3 + u**2 - 12*u. What is p(y)?
-6
Let u(c) be the second derivative of 1/2*c**3 + 7 + 2*c**2 + 1/3*c**4 + 3*c + 1/20*c**5. Give u(-3).
4
Let i(b) be the third derivative of b**6/120 - b**5/12 - 23*b**4/24 - 8*b**3/3 + 2812*b**2. What is i(8)?
-8
Let o be 